{"id":173,"date":"2022-01-21T20:38:35","date_gmt":"2022-01-21T20:38:35","guid":{"rendered":"https:\/\/www.iscool.cz\/?page_id=173"},"modified":"2022-01-21T20:43:26","modified_gmt":"2022-01-21T20:43:26","slug":"2022-skola-u2b","status":"publish","type":"page","link":"https:\/\/www.iscool.cz\/","title":{"rendered":"2022"},"content":{"rendered":"\n<figure class=\"wp-block-embed is-type-wp-embed is-provider-iscool-cz wp-block-embed-iscool-cz\"><div class=\"wp-block-embed__wrapper\">\n<div class='embed-container'><blockquote class=\"wp-embedded-content\" data-secret=\"fQs51ztgkb\"><a href=\"https:\/\/www.iscool.cz\/index.php\/o-stredni-skole-u2b-v-deniku-metro\/\">T\u0159et\u00ed nej\u010dten\u011bj\u0161\u00ed den\u00edk v \u010cR Metro publikoval celostr\u00e1nkov\u00fd \u010dl\u00e1nek u \u00fasp\u011b\u0161n\u00e9 st\u0159edn\u00ed \u0161kole U2B.<\/a><\/blockquote><iframe class=\"wp-embedded-content\" sandbox=\"allow-scripts\" security=\"restricted\" style=\"position: absolute; clip: rect(1px, 1px, 1px, 1px);\" title=\"&#8222;T\u0159et\u00ed nej\u010dten\u011bj\u0161\u00ed den\u00edk v \u010cR Metro publikoval celostr\u00e1nkov\u00fd \u010dl\u00e1nek u \u00fasp\u011b\u0161n\u00e9 st\u0159edn\u00ed \u0161kole U2B.&#8220; &#8212; iscool.cz\" src=\"https:\/\/www.iscool.cz\/index.php\/o-stredni-skole-u2b-v-deniku-metro\/embed\/#?secret=fQs51ztgkb\" data-secret=\"fQs51ztgkb\" width=\"600\" height=\"338\" frameborder=\"0\" marginwidth=\"0\" marginheight=\"0\" scrolling=\"no\"><\/iframe><\/div>\n<\/div><\/figure>\n","protected":false},"excerpt":{"rendered":"","protected":false},"author":2,"featured_media":0,"parent":0,"menu_order":0,"comment_status":"closed","ping_status":"closed","template":"","meta":[],"_links":{"self":[{"href":"https:\/\/www.iscool.cz\/index.php\/wp-json\/wp\/v2\/pages\/173"}],"collection":[{"href":"https:\/\/www.iscool.cz\/index.php\/wp-json\/wp\/v2\/pages"}],"about":[{"href":"https:\/\/www.iscool.cz\/index.php\/wp-json\/wp\/v2\/types\/page"}],"author":[{"embeddable":true,"href":"https:\/\/www.iscool.cz\/index.php\/wp-json\/wp\/v2\/users\/2"}],"replies":[{"embeddable":true,"href":"https:\/\/www.iscool.cz\/index.php\/wp-json\/wp\/v2\/comments?post=173"}],"version-history":[{"count":2,"href":"https:\/\/www.iscool.cz\/index.php\/wp-json\/wp\/v2\/pages\/173\/revisions"}],"predecessor-version":[{"id":175,"href":"https:\/\/www.iscool.cz\/index.php\/wp-json\/wp\/v2\/pages\/173\/revisions\/175"}],"wp:attachment":[{"href":"https:\/\/www.iscool.cz\/index.php\/wp-json\/wp\/v2\/media?parent=173"}],"curies":[{"name":"wp","href":"https:\/\/api.w.org\/{rel}","templated":true}]}}